 (2 - ((-21 - -7) + 10 - -4)).
-26
Calculate 31 - -2 - (-323 - -338).
18
What is the value of (-5 - (-16 - (-5 + 2))) + (5 - 29)?
-16
Evaluate (3 - -43) + 3 - 17.
32
(1 - 0 - (37 + -29)) + -6
-13
Calculate (-7 - 1) + (5 - 4) + 13.
6
-20 - (103 + -106 - (4 + -2 + 0))
-15
What is 10 + -72 - -46 - (1 + 5)?
-22
What is -26 + (7 - -1 - -5)?
-13
What is the value of -4 - ((-12 - -9) + 5 + 9)?
-15
What is (1 - 8 - -5) + 0?
-2
What is the value of -167 + 166 + (21 - 0) + -1?
19
Evaluate -17 - ((-89 - -76) + (-16 - 2)).
14
(-9 - (36 - 17)) + 41
13
14 - -3 - ((-44 - -32) + -1 + 3)
27
Evaluate 16 + -12 + -12 + (2 - 3) - -11.
2
33 + (0 - 14) - 29
-10
Evaluate -7 - (8 + 0 + (-1 - 2) - 6).
-6
What is the value of 169 - 161 - (-1 + -17 - 2 - 4)?
32
Calculate -4 + (-17 - -36) - 11 - -26.
30
What is the value of -11 + 23 + (0 - 1) + -7 - 31?
-27
Evaluate (7 - (5 - (0 - -4))) + -4.
2
What is 17 - (-14 - 16 - -40)?
7
What is the value of (36 - (10 + 46)) + 20?
0
What is (-21 - -10 - -8 - -18) + (-4 - -2)?
13
Calculate 9 + 0 + -15 + -9 + (1 - -3).
-11
What is the value of 3 + -26 - (-213 + 201)?
-11
What is the value of 26 + 0 - (35 + -3)?
-6
What is the value of 21 + (-12 - -15) + -7 + 3 + -8?
12
What is the value of 3 + (28 + -13 + 6 + 12 - 5)?
31
What is 18 + (13 - 35) + 7?
3
Calculate -4 + 0 + -28 + 6 + 20.
-6
1 - -30 - (335 + -310)
6
Calculate 13 + -4 + 1 - 3.
7
15 + (17 + -19 - 14)
-1
What is the value of 0 - (-9 - (6 + -11 + 10 + -12))?
2
Calculate -153 + 173 - (4 - 3).
19
What is -11 + 16 + (-17 - -14)?
2
What is -38 + 3 - (-13 + (1 - (2 + -5)))?
-26
Evaluate (2 - -2) + -5 + 10 + 9.
18
What is the value of -22 + 4 + 25 + -1 + -12?
-6
What is the value of (-42 - -5 - -8) + 47 + -41?
-23
What is -15 + -37 + 39 + 25?
12
16 + (3 - (5 - 2)) + 3
19
What is (-1 - 3) + -2 - (218 + -208)?
-16
(-6 + 9 - (-1 - (-6 - -8))) + -1
5
What is -9 + (3 - 1) + (9 - -12 - 27)?
-13
What is 5 + 5 + -3 - 10 - (9 - -2)?
-14
-6 + (12 - 7 - (6 - 2))
-5
Calculate -8 + (-3 - (-5 - (7 - 8))) - 12.
-19
What is the value of (11 + -10 - (-10 + 4)) + -8?
-1
What is the value of 16 - (-9 + (5 - (6 - 0)) + 15)?
11
Calculate -3 + -8 + 3 + (-8 - -18).
2
What is (6 - (3 - (0 - (4 + -5)))) + -3?
1
16 - (1 + 5) - 6 - 9
-5
Calculate (4 - (5 - 8)) + (0 - (52 - 11)).
-34
What is -32 - (21 + -29) - -11?
-13
What is the value of 7 + (-3 - 20) - -7?
-9
What is (4 - 8 - -10) + -2 - (3 - 11)?
12
What is the value of 9 - (-19 - -30) - (10 - -1)?
-13
Evaluate 1 - (1 - (0 + 10)).
10
Evaluate 1 + 5 + (-30 - -25) + -11 - -35.
25
Calculate 8 + (-14 + 41 - 62).
-27
10 + (-15 - -9) - 2 - 11
-9
What is -2 + -22 + (-10 - 0) + 9?
-25
What is the value of (-2 + 23 - 21) + (-16 - -1 - 3)?
-18
What is 32 - 55 - (5 + -22)?
-6
What is the value of 77 - (-1 - (-30 - 11))?
37
Evaluate -9 - (-25 + (18 - 2 - 21)).
21
Evaluate (-39 - (-59 + 39)) + (-5 - 1).
-25
(-3 + -1 - 2) + 332 + -336
-10
Evaluate -4 + 10 - 18 - (6 + -2 + -4).
-12
19 - (7 + 8 - 3)
7
14 + 31 + -26 + -40
-21
Evaluate (3 - 4) + -4 + 9 + -13 + 6.
-3
(15 - 6) + 0 + (4 - 0 - 5)
8
What is the value of (0 - -4 - -2) + (-19 - -22) + 11?
20
What is the value of -5 - ((9 - -4) + -9) - (6 - -3)?
-18
What is the value of -5 + (34 - (4 - 4 - -7)) + -6?
16
Evaluate 0 + -2 + -1 - -6 - (137 + -144).
10
Calculate (-21 - 0) + 6 - (4 + -57).
38
-5 - (9 - (8 + 4 + -9 - 1))
-12
What is 8 - (13 + -7 - (6 - (-11 + 2)))?
17
Evaluate -16 - -30 - (46 + -13).
-19
0 + (-11 - -7 - -2) + 7
5
What is the value of -16 + 19 + 12 + 1 + 0 + -3?
13
What is the value of (1 - (1 - 9 - -2)) + 7?
14
Evaluate 4 + -1 + -21 + 130 + -122.
-10
What is the value of (8 - 22) + 13 + -2?
-3
Evaluate 20 + -21 + (1 - 1) - (-1 + -3).
3
What is 16 + -1 + 18 + -13 + -18?
2
Evaluate 9 + -25 + (-15 - (-3 + 2)).
-30
Calculate -10 - (34 + -72 + 21).
7
Calculate -5 - (8 + -3 + -6 - -6).
-10
Evaluate (8 - -4) + -5 + 2 + 2.
11
-12 - (-56 + (21 - 10) + -5)
38
(-8 - (2 - 15)) + (11 - -1)
17
Evaluate 421 + -408 - (-2 + 4 + 1).
10
Evaluate -56 + 44 + 2 + 1.
-9
What is the value of 8 - (-4 - (-37 - (9 + -21 + 0)))?
-13
2 - (12 - (1 + 16)) - (5 + 30)
-28
1 - 12 - (-22 + -32 + 65)
-22
What is the value of -4 + (-4 + 4 + -6 + 6 - -7)?
3
What is 11 - 8 - ((-7 - 7) + 2)?
15
What is the value of 15 - (48 + (-8 - -2))?
-27
Calculate -1 + 4 + 4 + 4 + -19 + -1.
-9
What is -17 + ((-13 - -13) + -24 - -14)?
-27
(27 - 3) + (-92 - -52)
-16
Evaluate 32 + -9 + (-76 - -21).
-32
Evaluate -30 + 10 - (-22 + 5).
-3
Evaluate -5 + -23 + (36 - 12).
-4
(-682 - -712) + (-1 - 14)
15
Evaluate 0 + 2 - (-23 - -28) - (-1 + 0).
-2
(-1 - (12 + 1)) + 2 + 19
7
Calculate 5 - (1 - 1 - (3 - 0)).
8
Calculate -2 - -30 - (-11 - (0 + -20) - 16).
35
Evaluate 40 + (-2 - 12) + 1.
27
What is the value of (-3 + -4 - -2) + -4 + 1 + 1?
-7
Evaluate (21 - 6) + (18 + -27 - -8).
14
(-2 - -9) + -13 - (4 - 3)
-7
11 - (8 + -13 + (16 - 5))
5
Evaluate (0 - -26) + (156 - 172).
10
What is the value of -2 + (-4 - -48) + -12 - 11?
19
What is (-785 - -783) + 3 + (9 - (-3 - -3))?
10
What is (-1 - 6) + -1458 + 1443?
-22
Evaluate 4 + -4 - 1 - (-4 + (-1 - 8)).
12
What is the value of 38 - (11 + (-39 - -43))?
23
What is -8 + (0 - 5 - (-7 - 0 - 7))?
1
What is (14 - 12) + 8 - 6 - (3 - -1)?
0
Evaluate 0 - 0 - (-1 - -10).
-9
Calculate (-3 - (19 - 29)) + (-6 - -2) + 25.
28
Calculate -13 + (-1 - 12) + -66 + 84.
-8
(-7 - (-2 + -2)) + 16 - (9 - 1)
5
What is the value of 70 - 85 - (-3 + -15) - 33?
-30
What is -51 + 52 - (2 - -1)?
-2
Calculate -19 + (29 - -2 - 1).
11
What is the value of -8 + (-9 + 6 + -3 - -10)?
-4
Evaluate -4 - (-24 + (-6 - (14 - 33))).
7
What is -9 + 22 - 11 - (0 + 1)?
1
What is 15 + (-21 - -9) + -5?
-2
What is the value of -14 + 1 - -12 - -1?
0
Calculate -93 + 91 - (11 - -2).
-15
Calculate 8 + (-11 + (-1 - -9) - (4 + -3)).
4
What is the value of 23 - (11 - 2) - 19?
-5
Evaluate (-14 - -1) + -12 - -21.
-4
What is the value of (-4 - (-6 - (3 - 7))) + -6?
-8
What is 11 + 6 + -9 + 2?
10
Calculate 0 + 3 + -7 + 4 + 2.
2
What is the value of -25 + 51 + -19 - (13 - -1)?
-7
What is (-7 - (11 + -11)) + (-1 - 1) + 6?
-3
Evaluate 5 - 3 - (15 - -19).
-32
Evaluate (-1 + (-3 - 0) - (-12 + 12)) + -6.
-10
Evaluate 9 - (25 - (-4 + 9 - 7) - -5).
-23
Evaluate (16 - 0) + -1 + 528 + -531.
12
Calculate (6 - 0) + 24 + -19 - 4.
7
What is the value of (-1 - -2) + 0 + (2 + 10 - 12)?
1
Evaluate (-8 - -14) + -12 + 2 + 4 + -6.
-6
What is the value of (26 - (12 - (-5 + 16))) + -7?
18
Evaluate -3 - ((26 - 18) + 2 + -35 - -8).
14
Calculate (2 + (1 - 3) - 0) + 0 - -2.
2
9 + -46 + -31 + 49
-19
Calculate (-5 - (30 - -16)) + 38.
-13
What is -56 + (31 - (-32 + 29))?
-22
Calculate -6 + (12 - 1) - (5 + (-2 - 5)).
7
Calculate (-30 - (-33 + 12)) + (10 - 2 - 1).
-2
What is the value of 52 + -56 - (-1 + 1)?
-4
What is (20 - 55) + 26 - (12 - -1)?
-22
Evaluate -37 + (-36 + 66 - -6).
-1
What is 25 + 1 - (81 + -67)?
12
What is (-1 - -10) + (19 - 9) + -38?
-19
What is the value of -31 + ((11 - (10 + -10)) + 6 - 7)?
-21
Evaluate (-3 - (4 + 4)) + (2 - -3) - -6.
0
Evaluate -6 - (18 + -33 + -9).
18
What is the value of (-69 - 47 - -133) + (-7 - (0 + -1))?
11
What is the value of -9 - (6 - (-1 - -23)) - -2?
9
(-12 - 0 - -4 - -1) + 5
-2
What is the value of (-57 - (19 - 18)) + 28?
-30
What is -13 + 12 + -3 + 5 - -1?
2
59 + -20 + -36 + -5 + 0
-2
What is the value of (-2 - -4) + (53 - (31 - -37))?
-13
Calculate -8 + (0 - -4 - (4 - 17)) + -11.
-2
What is the value of 20 + 1 + -19 - (4 - -1)?
-3
What is the value of 8 + 9 + (2 - (29 + -1 + 5))?
-14
-5 + 20 - (74 - (1 - -28))
-30
Calculate 761 - 760 - (-14 + 0).
15
What is the value of 8 + (17 + -14 - (1 + 7))?
3
What is the value of -4 + (12 - 6 - 4) + -2 + 10?
6
What is the value of (-1 - 5) + (-8 - (-22 - -4) - 5)?
-1
What is the value of 8 - (0 - -13 - 0)?
-5
What is the value of (5 + -14 - -2) + 12?
5
Evaluate (7 - (-1 + 3)) + (33 + -22 - -2).
18
Evaluate (5 + -2 - (-52 + 40)) + (-4 - -14).
25
(4 + 1 - -19) + (9 - 18)
15
(-29 - (-34 - 18)) + -18
5
What is -629 + 594 - (1 + -20)?
-16
What is (-23 - -11) + -2 + 32 + 15?
33
What is the value of -29 - ((5 - (10 - (10 + -1))) + -7)?
-26
Evaluate -13 + (7 + -27 + 10 - -18).
-5
What is the value of -22 - (7 + (-53 - -25))?
-1
What is 9 - ((4 - -12) + 11)?
-18
0 + 7 - (46 + -28 + -10)
-1
Calculate -8 + (-12 + 5 + 3 - -10).
-2
14 + (-